 j**3 - 9*j**2 - 10*j + 11. What is c(o)?
11
Suppose 205*d - 92*d + 678 = 0. Let j(t) = -5*t + 26. Give j(d).
56
Let h = 103 + -103. Let o(t) = 4*t + h - 6 + t**2 + 0*t + 3. Determine o(3).
18
Let v(g) = 3*g**2 + 7*g - 7. Let f(d) = -4*d**2 - 7*d + 7. Let q(m) = -2*f(m) - 3*v(m). Suppose i = -i. Suppose 4*s + i*s = -32. Give q(s).
-1
Let l(y) = -y**3 - y - 1. Let g = -1655 - -1655. Calculate l(g).
-1
Let j(h) = -h. Suppose 5*c - 7 = 3. Let r(o) = 2*o**c - 3*o**2 + o - 4*o + 7 - 2*o. Let y(d) = -j(d) + r(d). Calculate y(-6).
-5
Suppose -5*n = 24 - 39. Suppose t - l + 5 = n, -t - l - 8 = 0. Let k(o) = -o**2 - 6*o - 3. Determine k(t).
2
Suppose 10*y - 14*y + l = -32, -5*y + 40 = 4*l. Let s(o) = o + 35 - 77 + 38. Calculate s(y).
4
Let f be ((-2)/(-2) + 0)/1. Let a(c) = 63*c**3 - 9*c**2 - 7. Let w(g) = -7*g**3 + g**2 + 1. Let r(x) = a(x) + 8*w(x). Calculate r(f).
7
Let z(x) be the first derivative of x**3/3 - x**2 + 6*x - 51. Let o = -13 - -17. Determine z(o).
14
Let k(z) be the second derivative of 105*z + 5*z**2 + 0 - 1/3*z**3. Give k(6).
-2
Let b(v) = v**2 - v + 1. Let x(f) = 3*f**2 + 2*f. Let t(w) = -4*b(w) + x(w). Let g be -3 + 32/24*6. Suppose 12 = g*u + 3*p - 10, -4*u + 15 = 5*p. What is t(u)?
1
Let i(m) be the third derivative of -m**5/60 + m**4/6 + 4*m**3/3 + 528*m**2. Let n(q) = q**3 + 6*q**2 - q. Let t = 12 + -18. Let v be n(t). Give i(v).
-4
Let v be (331/(-1324))/((-2)/(-32)). Let g(n) = -n**3 - 5*n**2 - 3*n + 1. What is g(v)?
-3
Let q(n) = -48*n + 2213. Let h be q(46). Let y(z) = -7*z + 39. What is y(h)?
4
Let n(y) = 16*y. Suppose k - 5 = 4*t - 129, 3*k = -t + 44. Let u = t - 30. Suppose b + 2*f - 7 = 0, -b - f + 2 = -u. Determine n(b).
16
Let k(t) be the third derivative of -13*t**7/5040 - t**6/144 + t**5/30 + 83*t**3/6 + 33*t**2 + 3. Let w(l) be the third derivative of k(l). What is w(-2)?
21
Let n(t) = 96 - 183 + 82 + 70*t. What is n(1)?
65
Let a(l) be the second derivative of 0*l**2 + 1/6*l**4 - l - 5/6*l**3 + 21. Let y(d) = -d. Let n be y(-4). Calculate a(n).
12
Suppose -3*u + 14 - 23 = 0. Let q(o) = -4 + 3*o**2 - o + 6*o**2 - 12*o**2 - o. Calculate q(u).
-25
Let u(y) = -y**2 - 2. Let n(i) = 8*i**2 + 2*i - 5. Let k = -308 - -309. Let x(g) = k*n(g) - 3*u(g). Give x(-1).
10
Suppose a = -1 - 2. Let z(p) = 16*p**2 + 38*p + 4 + p**3 - 5*p**3 - p**3 + 4. Let b(v) = -v**3 + 4*v**2 + 9*v + 2. Let k(g) = 9*b(g) - 2*z(g). Calculate k(a).
-4
Let y = -12786 + 12794. Let k(z) = z**3 - 6*z**2 - 14*z + 2. Give k(y).
18
Let f be (-7)/1 + 4/((-8)/(-18)). Let t(z) = -6*z**3 - z**2 + 4. What is t(f)?
-48
Let f(u) = 5*u**2 + 3*u - u - 4*u**3 - 4*u**2. Let v be 2/(-2)*(-1)/(-11 + 10). Determine f(v).
3
Let t(k) = 6*k**3 + 159*k**2 - 80*k + 31. Let a be t(-27). Let i(w) = w**3 - 5*w**2 + 10*w - 19. Calculate i(a).
5
Let y(n) = -n**2 + 4*n + 6. Suppose 3*q = -5*g + 13, 3*q - 4*q = -1. Let l = g + -2. Suppose -4*v - 3*s + 5 = l, -2*v + 4*v = 2*s + 20. Give y(v).
1
Let k(f) be the first derivative of 0*f - 70 - 1/2*f**2. Suppose 5*i + 11 = -9. What is k(i)?
4
Let p(b) be the third derivative of b**4/24 - b**3/6 + 10*b**2. Let i(m) = -m**3 - 4*m + 4. Let d(z) = -i(z) - 5*p(z). Suppose 5 = 4*s + 13. Give d(s).
-5
Let l(o) = -30*o - 3. Suppose -33*t - 10 = -38*t. Give l(t).
-63
Let h = -456 + 470. Let v(d) = 845*d**2 - 844*d**2 + h*d - 20*d - 7. Give v(5).
-12
Let k be 4/4 - (0 + 0). Let s(g) = g**2. Let j(i) be the first derivative of -i**4/4 - i**2 - i + 1528. Let p(x) = k*s(x) + j(x). Give p(2).
-9
Let v = -99 - -145. Let x(i) = -v*i**3 + 6 + 3*i + 45*i**3 - 6*i**2 + 5*i. Give x(-7).
-1
Let d(k) be the first derivative of -k**4/12 + 7*k**3/2 - k**2 + 42*k - 236. Let z(t) be the second derivative of d(t). Give z(9).
3
Let d be ((-63)/105)/((-1)/45). Let c(o) = 65*o - d*o - 37*o - 5. Determine c(-6).
-11
Let z(a) = -2*a**2 - 21*a. Let j be z(-10). Let l be (2 + 28)/5*(-5)/j. Let d(g) = g + 4. Give d(l).
1
Suppose 23*r - 16 = 15*r. Let j(k) = -2*k**2 - 289 + 277 + r*k**2 - k**2 + 7*k. What is j(5)?
-2
Let z(x) = -188*x + 387*x + 20*x**3 - 194*x - 19*x**3 - 13*x**2. Calculate z(12).
-84
Let q(x) be the third derivative of -x**7/280 - x**6/720 - x**5/120 - 5*x**4/24 - x**3/3 - 39*x**2. Let k(j) be the second derivative of q(j). What is k(-1)?
-9
Let l(p) = p**3 - 35*p + 11*p - 7 - p**2 + 3*p + 7*p + 10*p. Determine l(5).
73
Let b = -141/4 + 425/12. Let h(u) be the third derivative of 6*u**2 - b*u**4 - 1/12*u**5 + 0*u + 0 - 2/3*u**3 - 1/60*u**6. Calculate h(-3).
17
Suppose 0 = -4*h - 16, -4 = g - 0*h + 3*h. Let a = 851 - 818. Let m(r) = 10 + 7 + 2 - a + r. Calculate m(g).
-6
Suppose -5*n - 24 = 3*n. Let j(f) = 2*f**2 - 10*f - 2. Let m(l) = -l**2 + 7*l + 1. Let p(w) = -2*j(w) - 3*m(w). Determine p(n).
-5
Let q(a) = a**2 + a + 3. Let v = 27 + -9. Let r be -2*(62/(-8) + 3/4). Let y = r - v. Calculate q(y).
15
Let l(i) = -i**2 - 11*i - 5. Let v = 214 + -249. Let d(c) = -c**3 - 34*c**2 + 38*c + 97. Let m be d(v). Calculate l(m).
19
Let t(r) = -r**2 - 8*r - 5. Suppose 0 = 7*p + 94 + 137. Let i = p - -29. What is t(i)?
11
Let f(p) = -p + 3. Let m(r) = -r**2 - 5*r + 17. Let n(s) = 6*s - 40. Let q be n(8). Let v be m(q). Let o = 96 + v. Determine f(o).
-6
Suppose -9*m + 5*m = k - 225, m - 70 = -3*k. Suppose -9*j - m = 26. Let a(b) = 14 + b - 2*b - 2 - 9*b**2 - b**3 + 2*b. What is a(j)?
3
Let s(v) be the first derivative of -1/24*v**4 - 4*v**2 - 7/3*v**3 + 16 - 1/60*v**5 + 0*v. Let r(y) be the second derivative of s(y). Determine r(0).
-14
Let f(w) = 2*w - w - 2*w - 16*w + 1. Let l be (-1488)/868 - ((-4)/(-14) - 0). Give f(l).
35
Let s(c) = -5*c - 1. Let h(f) = -7*f - 3. Let z = -263 - -259. Let k(p) = z*s(p) + 3*h(p). Calculate k(-12).
7
Let d(w) be the first derivative of -w**2/2 - 22*w - 1145. Let s = 114 - 127. Give d(s).
-9
Let i(q) = 40*q - 11. Let b be i(4). Let z(g) = 6 - 4*g - 8*g - 150*g**2 + b*g**2. Determine z(-12).
6
Let q = 665 + -663. Let y(h) = 0 + 14*h + 0 + q - 16*h. Let g(l) = 2*l**2 - 4*l + 2. Let v be g(2). Give y(v).
-2
Let g(u) = -60*u - 5 + 58*u - 16 + 25. Give g(3).
-2
Let m(n) = -n**3 + 12*n**2 - 7*n - 37. Let c be m(11). Let v(p) = 7*p - 9. Calculate v(c).
40
Let f(l) be the second derivative of -l**3/3 + 3*l**2/2 - 13*l. Let n be f(3). Let x(a) = -2*a - 2. Let t be x(n). Let r(h) = -h**2 + h - 1. Determine r(t).
-13
Let f(c) = -21*c - 28. Let x(u) = -u - 2. Let b(o) = -f(o) + 14*x(o). Let q(n) = n**3 + 7*n**2 - 9*n - 7. Let i be q(-8). Give b(i).
7
Let i(f) = -2*f - 1. Let j be (-27630)/35 - 18/(-42). Let o = -795 - j. What is i(o)?
11
Let q(n) = -n**3 + 9*n**2 - 6*n + 2. Suppose 48*v + 204 = 99*v. Determine q(v).
58
Let o = 6485 + -6477. Let n(y) = 74*y - 596. Determine n(o).
-4
Let x(d) = -2*d - 2. Let f(p) = -p**3 + 10*p**2 - 9*p + 2. Let r be f(9). Let i be -2*((-2)/(-1) - 1/r). Let q be (-1 + 5)*i/6. Determine x(q).
2
Let x(d) = 10*d - 3. Let b be (-6806)/10 - ((-54)/(-10) + -6). Let a = -676 - b. What is x(a)?
37
Let c(i) be the second derivative of i**8/6720 - i**7/630 - i**6/120 + 7*i**5/120 + 29*i**4/6 - 2*i - 6. Let u(g) be the third derivative of c(g). Give u(5).
2
Suppose 3*k = 2*z - 6, -5*k - 12 = -3*z - 3. Suppose -2*h + 3*g = 31, z*g = -h - 4 + 11. Let c(j) = j**3 + 9*j**2 + 9*j + 4. What is c(h)?
-4
Let y(i) = -2*i - 1 + i + 2*i. Suppose -3*f = -3*q + 30, -4*f + 64*q - 70*q = -30. Determine y(f).
-4
Suppose 60*z - 102*z + 840 = 0. Let c(b) = -b**2 + 19*b + 27. Determine c(z).
7
Let n(q) = -q + 16. Let g be 5*(-2 + 276/10). Let u = g + -115. Determine n(u).
3
Let u be ((-3 + 0)/1)/(4/12). Let f(w) = w**3 + 10*w**2 + 9*w - 2. Calculate f(u).
-2
Let q(c) = -210708*c**3 - 7*c - 3 - 3*c**2 + 3*c + 210709*c**3. Let n(j) = -j**2 + 6*j - 4. Let b be n(4). Determine q(b).
-3
Let k(q) = -2*q - 245. Let z(r) = 3*r + 452. Let s(n) = -9*k(n) - 5*z(n). What is s(15)?
-10
Let h(c) be the third derivative of -c**6/120 + c**4/24 - c**3/2 - 1121*c**2. Determine h(0).
-3
Let p(n) = n**2 + 72*n + 1239. Let r be p(-28). Let q(f) = f**3 - 9*f**2 + 12*f - 7. What is q(r)?
-21
Suppose -4*k = 3*g - 2*g - 11, -5*k - g = -13. Let v(p) = -4*p + 0*p + k*p + p + 9. Let i be (-4)/18 + 83/9. Give v(i).
0
Suppose -3*g = -6*g - 15. Let n(d) = 59*d + 72. Let p(r) = -101*r - 122. Let z(f) = 12*n(f) + 7*p(f). Give z(g).
5
Let x(b) = -403*b**3 - 58 + 0*b**2 -